ded by 334?
332
Calculate the remainder when 137878 is divided by 68936.
6
What is the remainder when 1520661 is divided by 126720?
21
What is the remainder when 220995 is divided by 3195?
540
Calculate the remainder when 33723322 is divided by 36.
34
Calculate the remainder when 9702904 is divided by 719.
718
Calculate the remainder when 2695707 is divided by 105.
42
What is the remainder when 521904 is divided by 521124?
780
What is the remainder when 1379595 is divided by 6078?
5967
What is the remainder when 22560973 is divided by 1708?
1
What is the remainder when 318635357 is divided by 19?
18
What is the remainder when 1766043 is divided by 521?
374
What is the remainder when 52767 is divided by 13173?
75
What is the remainder when 208407 is divided by 266?
129
Calculate the remainder when 17183379 is divided by 4283.
4266
Calculate the remainder when 191924 is divided by 59082.
14678
Calculate the remainder when 219188 is divided by 6035.
1928
Calculate the remainder when 631514 is divided by 580.
474
What is the remainder when 3203767 is divided by 10608?
151
What is the remainder when 31844770 is divided by 36?
34
What is the remainder when 16219138 is divided by 178?
134
Calculate the remainder when 3018139 is divided by 27.
25
What is the remainder when 12119911 is divided by 1756?
1755
Calculate the remainder when 6049 is divided by 1892.
373
Calculate the remainder when 7028161 is divided by 5941.
5899
What is the remainder when 8657123 is divided by 106?
103
What is the remainder when 16012 is divided by 14172?
1840
Calculate the remainder when 14415185 is divided by 2402483.
287
Calculate the remainder when 940797 is divided by 640.
637
Calculate the remainder when 162632 is divided by 107.
99
What is the remainder when 124831888 is divided by 13?
12
Calculate the remainder when 11774804 is divided by 96.
20
What is the remainder when 4553091 is divided by 217?
214
What is the remainder when 36331614 is divided by 271?
270
Calculate the remainder when 1221091 is divided by 395.
146
Calculate the remainder when 449783 is divided by 22489.
3
Calculate the remainder when 13833387 is divided by 1081.
911
What is the remainder when 29221111 is divided by 158?
117
What is the remainder when 76296 is divided by 727?
688
What is the remainder when 159446 is divided by 15903?
416
What is the remainder when 193808 is divided by 45?
38
Calculate the remainder when 1367330 is divided by 43.
16
What is the remainder when 2264424 is divided by 667?
626
What is the remainder when 3199328 is divided by 25801?
4
Calculate the remainder when 23121 is divided by 11149.
823
Calculate the remainder when 6490565 is divided by 85402.
13
Calculate the remainder when 2162925 is divided by 50300.
25
Calculate the remainder when 31438 is divided by 1770.
1348
What is the remainder when 1585058 is divided by 198130?
18
What is the remainder when 3136435 is divided by 87?
85
Calculate the remainder when 7544211 is divided by 580318.
77
What is the remainder when 7763 is divided by 5941?
1822
What is the remainder when 71901 is divided by 22694?
3819
Calculate the remainder when 4363532 is divided by 196.
180
What is the remainder when 2480662 is divided by 1290?
1282
Calculate the remainder when 11013411 is divided by 26.
19
What is the remainder when 270011 is divided by 161?
14
What is the remainder when 680573 is divided by 1694?
1279
What is the remainder when 252349 is divided by 1402?
1391
Calculate the remainder when 4961450 is divided by 62018.
10
What is the remainder when 17722175 is divided by 3544428?
35
Calculate the remainder when 199929 is divided by 690.
519
Calculate the remainder when 5665031 is divided by 161.
85
Calculate the remainder when 244209 is divided by 29.
0
What is the remainder when 329679427 is divided by 19?
15
Calculate the remainder when 1440046 is divided by 120002.
22
What is the remainder when 6444484 is divided by 417?
166
Calculate the remainder when 29176950 is divided by 9725646.
12
Calculate the remainder when 651909 is divided by 16707.
336
What is the remainder when 4486395 is divided by 8040?
75
What is the remainder when 54267 is divided by 8975?
417
Calculate the remainder when 121758777 is divided by 2468.
2465
What is the remainder when 2523407 is divided by 77?
40
What is the remainder when 36936 is divided by 1678?
20
What is the remainder when 2545946 is divided by 96?
26
Calculate the remainder when 1553082 is divided by 2887.
2763
Calculate the remainder when 23458003 is divided by 1935.
1933
What is the remainder when 347801 is divided by 113733?
6602
Calculate the remainder when 14512918 is divided by 114.
34
What is the remainder when 3055588 is divided by 188?
24
What is the remainder when 66253 is divided by 1950?
1903
Calculate the remainder when 520082 is divided by 152.
90
What is the remainder when 122051 is divided by 9385?
46
Calculate the remainder when 96419 is divided by 48158.
103
What is the remainder when 73225 is divided by 36314?
597
Calculate the remainder when 11461 is divided by 10522.
939
Calculate the remainder when 119134 is divided by 1702.
1696
What is the remainder when 30406 is divided by 817?
177
Calculate the remainder when 1418614 is divided by 126.
106
Calculate the remainder when 253399 is divided by 428.
23
What is the remainder when 52371 is divided by 8670?
351
What is the remainder when 140257991 is divided by 7389?
7382
What is the remainder when 100098 is divided by 1380?
738
What is the remainder when 48575830 is divided by 225934?
20
What is the remainder when 53073 is divided by 2133?
1881
What is the remainder when 7672 is divided by 4018?
3654
What is the remainder when 1138943 is divided by 252?
155
Calculate the remainder when 3343511 is divided by 742.
59
Calculate the remainder when 151956329 is divided by 44.
41
What is the remainder when 5726770 is divided by 5?
0
Calculate the remainder when 1826764 is divided by 5874.
5824
What is the remainder when 389237418 is divided by 181?
176
What is the remainder when 2359777 is divided by 18?
13
What is the remainder when 369752096 is divided by 2775?
2771
Calculate the remainder when 543589 is divided by 181188.
25
Calculate the remainder when 9519732 is divided by 980.
12
What is the remainder when 24118421 is divided by 898?
835
Calculate the remainder when 614144 is divided by 37.
18
Calculate the remainder when 478906 is divided by 95679.
511
Calculate the remainder when 6091770 is divided by 7.
6
Calculate the remainder when 540422 is divided by 4869.
4832
Calculate the remainder when 92499295 is divided by 2343.
2341
What is the remainder when 302761 is divided by 387?
127
What is the remainder when 55184093 is divided by 1813?
1812
Calculate the remainder when 12899466 is divided by 46.
8
Calculate the remainder when 88304388 is divided by 330.
18
Calculate the remainder when 1403701498 is divided by 8004.
8002
Calculate the remainder when 272908 is divided by 330.
328
Calculate the remainder when 587730 is divided by 1789.
938
Calculate the remainder when 1974230 is divided by 20.
10
What is the remainder when 46131499 is divided by 35?
29
What is the remainder when 2624052 is divided by 9?
3
What is the remainder when 152850 is divided by 1392?
1122
What is the remainder when 838700 is divided by 14215?
15
Calculate the remainder when 295785 is divided by 295701.
84
What is the remainder when 2026727 is divided by 146?
101
What is the remainder when 25793850 is divided by 14?
12
What is the remainder when 405336 is divided by 259?
1
What is the remainder when 149025 is divided by 127?
54
Calculate the remainder when 869409604 is divided by 39.
37
Calculate the remainder when 22949119 is divided by 421.
409
What is the remainder when 16821812 is divided by 764627?
18
Calculate the remainder when 110090 is divided by 22004.
70
What is the remainder when 9163005 is divided by 921?
897
What is the remainder when 429328 is divided by 580?
128
What is the remainder when 469584 is divided by 2580?
24
Calculate the remainder when 7877191 is divided by 148.
39
What is the remainder when 343027 is divided by 7?
6
What is the remainder when 323945176 is divided by 4327?
4321
What is the remainder when 922